of 3140.
2, 5, 157
List the prime factors of 19073.
19073
List the prime factors of 660.
2, 3, 5, 11
What are the prime factors of 25760?
2, 5, 7, 23
List the prime factors of 418.
2, 11, 19
What are the prime factors of 3683?
29, 127
List the prime factors of 25481.
83, 307
What are the prime factors of 23333?
23333
What are the prime factors of 7362?
2, 3, 409
What are the prime factors of 1324?
2, 331
What are the prime factors of 4058?
2, 2029
What are the prime factors of 1808?
2, 113
What are the prime factors of 497?
7, 71
List the prime factors of 128516.
2, 19, 89
List the prime factors of 68102.
2, 17, 2003
What are the prime factors of 493?
17, 29
What are the prime factors of 10758?
2, 3, 11, 163
What are the prime factors of 22535?
5, 4507
List the prime factors of 1530.
2, 3, 5, 17
What are the prime factors of 13256?
2, 1657
What are the prime factors of 57217?
29, 1973
What are the prime factors of 19462?
2, 37, 263
List the prime factors of 53713.
11, 19, 257
List the prime factors of 980.
2, 5, 7
What are the prime factors of 8744?
2, 1093
What are the prime factors of 6315?
3, 5, 421
What are the prime factors of 3518?
2, 1759
List the prime factors of 1092.
2, 3, 7, 13
List the prime factors of 1149.
3, 383
List the prime factors of 32868.
2, 3, 11, 83
What are the prime factors of 12009?
3, 4003
List the prime factors of 14453.
97, 149
List the prime factors of 6282.
2, 3, 349
What are the prime factors of 5389?
17, 317
List the prime factors of 1890.
2, 3, 5, 7
What are the prime factors of 176677?
176677
List the prime factors of 30461.
83, 367
List the prime factors of 15543.
3, 11, 157
What are the prime factors of 1393?
7, 199
What are the prime factors of 14440?
2, 5, 19
What are the prime factors of 9231?
3, 17, 181
List the prime factors of 794.
2, 397
List the prime factors of 646.
2, 17, 19
List the prime factors of 24537.
3, 8179
List the prime factors of 3485.
5, 17, 41
What are the prime factors of 3813?
3, 31, 41
What are the prime factors of 90337?
13, 6949
List the prime factors of 7478.
2, 3739
List the prime factors of 3558.
2, 3, 593
What are the prime factors of 1177?
11, 107
List the prime factors of 6825.
3, 5, 7, 13
What are the prime factors of 44965?
5, 17, 23
What are the prime factors of 5779?
5779
List the prime factors of 30451.
37, 823
List the prime factors of 1012.
2, 11, 23
List the prime factors of 1020.
2, 3, 5, 17
What are the prime factors of 55601?
7, 13, 47
What are the prime factors of 683?
683
List the prime factors of 100.
2, 5
What are the prime factors of 427?
7, 61
List the prime factors of 12181.
13, 937
What are the prime factors of 426?
2, 3, 71
What are the prime factors of 19?
19
What are the prime factors of 81492?
2, 3, 6791
List the prime factors of 8668.
2, 11, 197
What are the prime factors of 14874?
2, 3, 37, 67
What are the prime factors of 631?
631
List the prime factors of 461.
461
What are the prime factors of 18341?
18341
What are the prime factors of 3218?
2, 1609
List the prime factors of 52651.
37, 1423
List the prime factors of 359.
359
List the prime factors of 47699.
47699
List the prime factors of 2066.
2, 1033
List the prime factors of 32632.
2, 4079
What are the prime factors of 1472?
2, 23
List the prime factors of 10157.
7, 1451
What are the prime factors of 2003?
2003
List the prime factors of 2982.
2, 3, 7, 71
What are the prime factors of 206?
2, 103
What are the prime factors of 24973?
13, 17, 113
List the prime factors of 436.
2, 109
What are the prime factors of 229?
229
List the prime factors of 2659.
2659
What are the prime factors of 33353?
33353
List the prime factors of 33357.
3, 11119
What are the prime factors of 820?
2, 5, 41
List the prime factors of 1751.
17, 103
What are the prime factors of 5596?
2, 1399
What are the prime factors of 57263?
173, 331
List the prime factors of 4370.
2, 5, 19, 23
List the prime factors of 2187.
3
List the prime factors of 1110.
2, 3, 5, 37
What are the prime factors of 698?
2, 349
What are the prime factors of 3333?
3, 11, 101
What are the prime factors of 6538?
2, 7, 467
What are the prime factors of 150327?
3, 16703
List the prime factors of 193656.
2, 3, 8069
List the prime factors of 2279.
43, 53
List the prime factors of 403.
13, 31
List the prime factors of 5591.
5591
What are the prime factors of 32539?
13, 2503
List the prime factors of 43961.
43961
What are the prime factors of 7626?
2, 3, 31, 41
What are the prime factors of 6930?
2, 3, 5, 7, 11
What are the prime factors of 90201?
3, 107, 281
List the prime factors of 54216.
2, 3, 251
List the prime factors of 1062.
2, 3, 59
List the prime factors of 51881.
29, 1789
What are the prime factors of 2470?
2, 5, 13, 19
List the prime factors of 2538.
2, 3, 47
What are the prime factors of 3325?
5, 7, 19
What are the prime factors of 240?
2, 3, 5
What are the prime factors of 415?
5, 83
List the prime factors of 1827.
3, 7, 29
What are the prime factors of 4926?
2, 3, 821
What are the prime factors of 5786?
2, 11, 263
What are the prime factors of 6439?
47, 137
What are the prime factors of 1502?
2, 751
What are the prime factors of 2727?
3, 101
List the prime factors of 17755.
5, 53, 67
List the prime factors of 1454.
2, 727
What are the prime factors of 10888?
2, 1361
What are the prime factors of 31779?
3, 11, 107
List the prime factors of 203.
7, 29
What are the prime factors of 91578?
2, 3, 15263
What are the prime factors of 7732?
2, 1933
List the prime factors of 33497.
19, 41, 43
List the prime factors of 28754.
2, 11, 1307
What are the prime factors of 50599?
50599
What are the prime factors of 5267?
23, 229
What are the prime factors of 5010?
2, 3, 5, 167
List the prime factors of 17779.
23, 773
What are the prime factors of 8130?
2, 3, 5, 271
List the prime factors of 1066.
2, 13, 41
What are the prime factors of 4918?
2, 2459
What are the prime factors of 11989?
19, 631
List the prime factors of 4206.
2, 3, 701
List the prime factors of 4579.
19, 241
What are the prime factors of 1818?
2, 3, 101
List the prime factors of 24533.
24533
What are the prime factors of 915?
3, 5, 61
List the prime factors of 22788.
2, 3, 211
List the prime factors of 61963.
11, 43, 131
What are the prime factors of 16564?
2, 41, 101
List the prime factors of 12018.
2, 3, 2003
What are the prime factors of 35959?
7, 11, 467
What are the prime factors of 474?
2, 3, 79
What are the prime factors of 3346?
2, 7, 239
What are the prime factors of 7516?
2, 1879
List the prime factors of 19664.
2, 1229
What are the prime factors of 772?
2, 193
What are the prime factors of 59863?
59863
List the prime factors of 314.
2, 157
What are the prime factors of 7823?
7823
What are the prime factors of 1041?
3, 347
List the prime factors of 4475.
5, 179
What are the prime factors of 2177?
7, 311
List the prime factors of 7142.
2, 3571
What are the prime factors of 570?
2, 3, 5, 19
List the prime factors of 73.
73
What are the prime factors of 1362?
2, 3, 227
List the prime factors of 359.
359
List the prime factors of 14034.
2, 3, 2339
What are the prime factors of 1710?
2, 3, 5, 19
What are the prime factors of 947?
947
What are the prime factors of 3871?
7, 79
List the prime factors of 65976.
2, 3, 2749
What are the prime factors of 1276?
2, 11, 29
What are the prime factors of 54588?
2, 3, 4549
List the prime factors of 15256.
2, 1907
List the prime factors of 2018.
2, 1009
What are the prime factors of 101572?
2, 67, 379
What are the prime factors of 3826?
2, 1913
List the prime factors of 5438.
2, 2719
What are the prime factors of 8348?
2, 2087
List the prime factors of 18457.
18457
List the prime factors of 276.
2, 3, 23
List the prime factors of 741.
3, 13, 19
List the prime factors of 6642.
2, 3, 41
What are the prime factors of 20337?
3, 6779
What are the prime factors of 3912?
2, 3, 163
What are the prime factors of 1518?
2, 3, 11, 23
What are the prime factors of 1838?
2, 919
List the prime factors of 30839.
30839
List the prime factors of 649.
11, 59
What are the prime factors of 43784?
2, 13, 421
What are the prime factors of 1850?
2, 5, 37
What are the prime factors of 5379?
3, 11, 163
What are the prime factors of 7187?
7187
What are the prime factors of 76